{"id":4871,"date":"2021-05-27T10:46:08","date_gmt":"2021-05-27T15:46:08","guid":{"rendered":"https:\/\/vamosmujer.org.co\/sitio\/\/?post_type=product&#038;p=4871"},"modified":"2022-01-19T16:36:56","modified_gmt":"2022-01-19T21:36:56","slug":"la-politica-y-lo-politico-la-palabra-y-la-voz-de-las-mujeres","status":"publish","type":"product","link":"https:\/\/vamosmujer.org.co\/sitio\/producto\/la-politica-y-lo-politico-la-palabra-y-la-voz-de-las-mujeres\/","title":{"rendered":"La pol\u00edtica y lo pol\u00edtico: la palabra y la voz de las mujeres"},"content":{"rendered":"","protected":false},"excerpt":{"rendered":"<p>Corporaci\u00f3n Vamos Mujer<\/p>\n<p>\u00c1ngela Mar\u00eda Jaramillo Burgos, Martha In\u00e9s Montoya Ferrer, M\u00f3nica Liliana Valencia Giraldo<\/p>\n<p>Medell\u00edn, febrero de 2008<\/p>\n<p><a href=\"https:\/\/vamosmujer.org.co\/sitio\/wp-content\/uploads\/images\/pdfs\/coleccion_editorial\/la_politica_y_lo_politico.pdf\" target=\"_blank\" rel=\"noopener\">Descarga<\/a><\/p>\n","protected":false},"featured_media":4816,"comment_status":"open","ping_status":"closed","template":"","meta":{"pgc_meta":""},"product_cat":[237],"product_tag":[],"class_list":{"0":"post-4871","1":"product","2":"type-product","3":"status-publish","4":"has-post-thumbnail","6":"product_cat-editorial","8":"first","9":"instock","10":"shipping-taxable","11":"product-type-simple"},"yoast_head":"<!-- This site is optimized with the Yoast SEO plugin v22.4 - https:\/\/yoast.com\/wordpress\/plugins\/seo\/ -->\n<title>La pol\u00edtica y lo pol\u00edtico: la palabra y la voz de las mujeres - Corporaci\u00f3n Vamos Mujer<\/title>\n<meta name=\"robots\" content=\"index, follow, max-snippet:-1, max-image-preview:large, max-video-preview:-1\" \/>\n<link rel=\"canonical\" href=\"https:\/\/vamosmujer.org.co\/sitio\/producto\/la-politica-y-lo-politico-la-palabra-y-la-voz-de-las-mujeres\/\" \/>\n<meta property=\"og:locale\" content=\"es_ES\" \/>\n<meta property=\"og:type\" content=\"article\" \/>\n<meta property=\"og:title\" content=\"La pol\u00edtica y lo pol\u00edtico: la palabra y la voz de las mujeres - Corporaci\u00f3n Vamos Mujer\" \/>\n<meta property=\"og:description\" content=\"Corporaci\u00f3n Vamos Mujer  \u00c1ngela Mar\u00eda Jaramillo Burgos, Martha In\u00e9s Montoya Ferrer, M\u00f3nica Liliana Valencia Giraldo  Medell\u00edn, febrero de 2008  Descarga\" \/>\n<meta property=\"og:url\" content=\"https:\/\/vamosmujer.org.co\/sitio\/producto\/la-politica-y-lo-politico-la-palabra-y-la-voz-de-las-mujeres\/\" \/>\n<meta property=\"og:site_name\" content=\"Corporaci\u00f3n Vamos Mujer\" \/>\n<meta property=\"article:publisher\" content=\"https:\/\/www.facebook.com\/corporacionvamosmujer\/\" \/>\n<meta property=\"article:modified_time\" content=\"2022-01-19T21:36:56+00:00\" \/>\n<meta property=\"og:image\" content=\"https:\/\/vamosmujer.org.co\/sitio\/wp-content\/uploads\/2021\/05\/2008-Lapolitica.jpg\" \/>\n\t<meta property=\"og:image:width\" content=\"400\" \/>\n\t<meta property=\"og:image:height\" content=\"536\" \/>\n\t<meta property=\"og:image:type\" content=\"image\/jpeg\" \/>\n<meta name=\"twitter:card\" content=\"summary_large_image\" \/>\n<meta name=\"twitter:site\" content=\"@vamosmujer\" \/>\n<script type=\"application\/ld+json\" class=\"yoast-schema-graph\">{\"@context\":\"https:\/\/schema.org\",\"@graph\":[{\"@type\":\"WebPage\",\"@id\":\"https:\/\/vamosmujer.org.co\/sitio\/producto\/la-politica-y-lo-politico-la-palabra-y-la-voz-de-las-mujeres\/\",\"url\":\"https:\/\/vamosmujer.org.co\/sitio\/producto\/la-politica-y-lo-politico-la-palabra-y-la-voz-de-las-mujeres\/\",\"name\":\"La pol\u00edtica y lo pol\u00edtico: la palabra y la voz de las mujeres - Corporaci\u00f3n Vamos Mujer\",\"isPartOf\":{\"@id\":\"https:\/\/vamosmujer.org.co\/sitio\/#website\"},\"primaryImageOfPage\":{\"@id\":\"https:\/\/vamosmujer.org.co\/sitio\/producto\/la-politica-y-lo-politico-la-palabra-y-la-voz-de-las-mujeres\/#primaryimage\"},\"image\":{\"@id\":\"https:\/\/vamosmujer.org.co\/sitio\/producto\/la-politica-y-lo-politico-la-palabra-y-la-voz-de-las-mujeres\/#primaryimage\"},\"thumbnailUrl\":\"https:\/\/vamosmujer.org.co\/sitio\/wp-content\/uploads\/2021\/05\/2008-Lapolitica.jpg\",\"datePublished\":\"2021-05-27T15:46:08+00:00\",\"dateModified\":\"2022-01-19T21:36:56+00:00\",\"breadcrumb\":{\"@id\":\"https:\/\/vamosmujer.org.co\/sitio\/producto\/la-politica-y-lo-politico-la-palabra-y-la-voz-de-las-mujeres\/#breadcrumb\"},\"inLanguage\":\"es-CO\",\"potentialAction\":[{\"@type\":\"ReadAction\",\"target\":[\"https:\/\/vamosmujer.org.co\/sitio\/producto\/la-politica-y-lo-politico-la-palabra-y-la-voz-de-las-mujeres\/\"]}]},{\"@type\":\"ImageObject\",\"inLanguage\":\"es-CO\",\"@id\":\"https:\/\/vamosmujer.org.co\/sitio\/producto\/la-politica-y-lo-politico-la-palabra-y-la-voz-de-las-mujeres\/#primaryimage\",\"url\":\"https:\/\/vamosmujer.org.co\/sitio\/wp-content\/uploads\/2021\/05\/2008-Lapolitica.jpg\",\"contentUrl\":\"https:\/\/vamosmujer.org.co\/sitio\/wp-content\/uploads\/2021\/05\/2008-Lapolitica.jpg\",\"width\":400,\"height\":536},{\"@type\":\"BreadcrumbList\",\"@id\":\"https:\/\/vamosmujer.org.co\/sitio\/producto\/la-politica-y-lo-politico-la-palabra-y-la-voz-de-las-mujeres\/#breadcrumb\",\"itemListElement\":[{\"@type\":\"ListItem\",\"position\":1,\"name\":\"Inicio\",\"item\":\"https:\/\/vamosmujer.org.co\/sitio\/\"},{\"@type\":\"ListItem\",\"position\":2,\"name\":\"Productos\",\"item\":\"https:\/\/vamosmujer.org.co\/sitio\/shop\/\"},{\"@type\":\"ListItem\",\"position\":3,\"name\":\"La pol\u00edtica y lo pol\u00edtico: la palabra y la voz de las mujeres\"}]},{\"@type\":\"WebSite\",\"@id\":\"https:\/\/vamosmujer.org.co\/sitio\/#website\",\"url\":\"https:\/\/vamosmujer.org.co\/sitio\/\",\"name\":\"Corporaci\u00f3n Vamos Mujer\",\"description\":\"Vamos Mujer\",\"publisher\":{\"@id\":\"https:\/\/vamosmujer.org.co\/sitio\/#organization\"},\"potentialAction\":[{\"@type\":\"SearchAction\",\"target\":{\"@type\":\"EntryPoint\",\"urlTemplate\":\"https:\/\/vamosmujer.org.co\/sitio\/?s={search_term_string}\"},\"query-input\":\"required name=search_term_string\"}],\"inLanguage\":\"es-CO\"},{\"@type\":\"Organization\",\"@id\":\"https:\/\/vamosmujer.org.co\/sitio\/#organization\",\"name\":\"Corporaci\u00f3n Vamos Mujer\",\"url\":\"https:\/\/vamosmujer.org.co\/sitio\/\",\"logo\":{\"@type\":\"ImageObject\",\"inLanguage\":\"es-CO\",\"@id\":\"https:\/\/vamosmujer.org.co\/sitio\/#\/schema\/logo\/image\/\",\"url\":\"https:\/\/vamosmujer.org.co\/sitio\/wp-content\/uploads\/2020\/10\/logo_vamos-07.png\",\"contentUrl\":\"https:\/\/vamosmujer.org.co\/sitio\/wp-content\/uploads\/2020\/10\/logo_vamos-07.png\",\"width\":911,\"height\":231,\"caption\":\"Corporaci\u00f3n Vamos Mujer\"},\"image\":{\"@id\":\"https:\/\/vamosmujer.org.co\/sitio\/#\/schema\/logo\/image\/\"},\"sameAs\":[\"https:\/\/www.facebook.com\/corporacionvamosmujer\/\",\"https:\/\/twitter.com\/vamosmujer\",\"https:\/\/www.instagram.com\/corporacionvamosmujer\/\",\"https:\/\/www.youtube.com\/channel\/UCAc-qitYba-Hv0QWSaB04pA\/featured\"]}]}<\/script>\n<!-- \/ Yoast SEO plugin. -->","yoast_head_json":{"title":"La pol\u00edtica y lo pol\u00edtico: la palabra y la voz de las mujeres - Corporaci\u00f3n Vamos Mujer","robots":{"index":"index","follow":"follow","max-snippet":"max-snippet:-1","max-image-preview":"max-image-preview:large","max-video-preview":"max-video-preview:-1"},"canonical":"https:\/\/vamosmujer.org.co\/sitio\/producto\/la-politica-y-lo-politico-la-palabra-y-la-voz-de-las-mujeres\/","og_locale":"es_ES","og_type":"article","og_title":"La pol\u00edtica y lo pol\u00edtico: la palabra y la voz de las mujeres - Corporaci\u00f3n Vamos Mujer","og_description":"Corporaci\u00f3n Vamos Mujer  \u00c1ngela Mar\u00eda Jaramillo Burgos, Martha In\u00e9s Montoya Ferrer, M\u00f3nica Liliana Valencia Giraldo  Medell\u00edn, febrero de 2008  Descarga","og_url":"https:\/\/vamosmujer.org.co\/sitio\/producto\/la-politica-y-lo-politico-la-palabra-y-la-voz-de-las-mujeres\/","og_site_name":"Corporaci\u00f3n Vamos Mujer","article_publisher":"https:\/\/www.facebook.com\/corporacionvamosmujer\/","article_modified_time":"2022-01-19T21:36:56+00:00","og_image":[{"width":400,"height":536,"url":"https:\/\/vamosmujer.org.co\/sitio\/wp-content\/uploads\/2021\/05\/2008-Lapolitica.jpg","type":"image\/jpeg"}],"twitter_card":"summary_large_image","twitter_site":"@vamosmujer","schema":{"@context":"https:\/\/schema.org","@graph":[{"@type":"WebPage","@id":"https:\/\/vamosmujer.org.co\/sitio\/producto\/la-politica-y-lo-politico-la-palabra-y-la-voz-de-las-mujeres\/","url":"https:\/\/vamosmujer.org.co\/sitio\/producto\/la-politica-y-lo-politico-la-palabra-y-la-voz-de-las-mujeres\/","name":"La pol\u00edtica y lo pol\u00edtico: la palabra y la voz de las mujeres - Corporaci\u00f3n Vamos Mujer","isPartOf":{"@id":"https:\/\/vamosmujer.org.co\/sitio\/#website"},"primaryImageOfPage":{"@id":"https:\/\/vamosmujer.org.co\/sitio\/producto\/la-politica-y-lo-politico-la-palabra-y-la-voz-de-las-mujeres\/#primaryimage"},"image":{"@id":"https:\/\/vamosmujer.org.co\/sitio\/producto\/la-politica-y-lo-politico-la-palabra-y-la-voz-de-las-mujeres\/#primaryimage"},"thumbnailUrl":"https:\/\/vamosmujer.org.co\/sitio\/wp-content\/uploads\/2021\/05\/2008-Lapolitica.jpg","datePublished":"2021-05-27T15:46:08+00:00","dateModified":"2022-01-19T21:36:56+00:00","breadcrumb":{"@id":"https:\/\/vamosmujer.org.co\/sitio\/producto\/la-politica-y-lo-politico-la-palabra-y-la-voz-de-las-mujeres\/#breadcrumb"},"inLanguage":"es-CO","potentialAction":[{"@type":"ReadAction","target":["https:\/\/vamosmujer.org.co\/sitio\/producto\/la-politica-y-lo-politico-la-palabra-y-la-voz-de-las-mujeres\/"]}]},{"@type":"ImageObject","inLanguage":"es-CO","@id":"https:\/\/vamosmujer.org.co\/sitio\/producto\/la-politica-y-lo-politico-la-palabra-y-la-voz-de-las-mujeres\/#primaryimage","url":"https:\/\/vamosmujer.org.co\/sitio\/wp-content\/uploads\/2021\/05\/2008-Lapolitica.jpg","contentUrl":"https:\/\/vamosmujer.org.co\/sitio\/wp-content\/uploads\/2021\/05\/2008-Lapolitica.jpg","width":400,"height":536},{"@type":"BreadcrumbList","@id":"https:\/\/vamosmujer.org.co\/sitio\/producto\/la-politica-y-lo-politico-la-palabra-y-la-voz-de-las-mujeres\/#breadcrumb","itemListElement":[{"@type":"ListItem","position":1,"name":"Inicio","item":"https:\/\/vamosmujer.org.co\/sitio\/"},{"@type":"ListItem","position":2,"name":"Productos","item":"https:\/\/vamosmujer.org.co\/sitio\/shop\/"},{"@type":"ListItem","position":3,"name":"La pol\u00edtica y lo pol\u00edtico: la palabra y la voz de las mujeres"}]},{"@type":"WebSite","@id":"https:\/\/vamosmujer.org.co\/sitio\/#website","url":"https:\/\/vamosmujer.org.co\/sitio\/","name":"Corporaci\u00f3n Vamos Mujer","description":"Vamos Mujer","publisher":{"@id":"https:\/\/vamosmujer.org.co\/sitio\/#organization"},"potentialAction":[{"@type":"SearchAction","target":{"@type":"EntryPoint","urlTemplate":"https:\/\/vamosmujer.org.co\/sitio\/?s={search_term_string}"},"query-input":"required name=search_term_string"}],"inLanguage":"es-CO"},{"@type":"Organization","@id":"https:\/\/vamosmujer.org.co\/sitio\/#organization","name":"Corporaci\u00f3n Vamos Mujer","url":"https:\/\/vamosmujer.org.co\/sitio\/","logo":{"@type":"ImageObject","inLanguage":"es-CO","@id":"https:\/\/vamosmujer.org.co\/sitio\/#\/schema\/logo\/image\/","url":"https:\/\/vamosmujer.org.co\/sitio\/wp-content\/uploads\/2020\/10\/logo_vamos-07.png","contentUrl":"https:\/\/vamosmujer.org.co\/sitio\/wp-content\/uploads\/2020\/10\/logo_vamos-07.png","width":911,"height":231,"caption":"Corporaci\u00f3n Vamos Mujer"},"image":{"@id":"https:\/\/vamosmujer.org.co\/sitio\/#\/schema\/logo\/image\/"},"sameAs":["https:\/\/www.facebook.com\/corporacionvamosmujer\/","https:\/\/twitter.com\/vamosmujer","https:\/\/www.instagram.com\/corporacionvamosmujer\/","https:\/\/www.youtube.com\/channel\/UCAc-qitYba-Hv0QWSaB04pA\/featured"]}]}},"_links":{"self":[{"href":"https:\/\/vamosmujer.org.co\/sitio\/wp-json\/wp\/v2\/product\/4871"}],"collection":[{"href":"https:\/\/vamosmujer.org.co\/sitio\/wp-json\/wp\/v2\/product"}],"about":[{"href":"https:\/\/vamosmujer.org.co\/sitio\/wp-json\/wp\/v2\/types\/product"}],"replies":[{"embeddable":true,"href":"https:\/\/vamosmujer.org.co\/sitio\/wp-json\/wp\/v2\/comments?post=4871"}],"wp:featuredmedia":[{"embeddable":true,"href":"https:\/\/vamosmujer.org.co\/sitio\/wp-json\/wp\/v2\/media\/4816"}],"wp:attachment":[{"href":"https:\/\/vamosmujer.org.co\/sitio\/wp-json\/wp\/v2\/media?parent=4871"}],"wp:term":[{"taxonomy":"product_cat","embeddable":true,"href":"https:\/\/vamosmujer.org.co\/sitio\/wp-json\/wp\/v2\/product_cat?post=4871"},{"taxonomy":"product_tag","embeddable":true,"href":"https:\/\/vamosmujer.org.co\/sitio\/wp-json\/wp\/v2\/product_tag?post=4871"}],"curies":[{"name":"wp","href":"https:\/\/api.w.org\/{rel}","templated":true}]}}

La política y lo político: la palabra y la voz de las mujeres

<p>Corporación Vamos Mujer</p>
<p>Ángela María Jaramillo Burgos, Martha Inés Montoya Ferrer, Mónica Liliana Valencia Giraldo</p>
<p>Medellín, febrero de 2008</p>
<p><a href="https://vamosmujer.org.co/sitio/wp-content/uploads/images/pdfs/coleccion_editorial/la_politica_y_lo_politico.pdf" target="_blank" rel="noopener">Descarga</a></p>

<!-- This site is optimized with the Yoast SEO plugin v22.4 - https://yoast.com/wordpress/plugins/seo/ -->
<title>La política y lo político: la palabra y la voz de las mujeres - Corporación Vamos Mujer</title>
<meta name="robots" content="index, follow, max-snippet:-1, max-image-preview:large, max-video-preview:-1" />
<link rel="canonical" href="https://vamosmujer.org.co/sitio/producto/la-politica-y-lo-politico-la-palabra-y-la-voz-de-las-mujeres/" />
<meta property="og:locale" content="es_ES" />
<meta property="og:type" content="article" />
<meta property="og:title" content="La política y lo político: la palabra y la voz de las mujeres - Corporación Vamos Mujer" />
<meta property="og:description" content="Corporación Vamos Mujer  Ángela María Jaramillo Burgos, Martha Inés Montoya Ferrer, Mónica Liliana Valencia Giraldo  Medellín, febrero de 2008  Descarga" />
<meta property="og:url" content="https://vamosmujer.org.co/sitio/producto/la-politica-y-lo-politico-la-palabra-y-la-voz-de-las-mujeres/" />
<meta property="og:site_name" content="Corporación Vamos Mujer" />
<meta property="article:publisher" content="https://www.facebook.com/corporacionvamosmujer/" />
<meta property="article:modified_time" content="2022-01-19T21:36:56+00:00" />
<meta property="og:image" content="https://vamosmujer.org.co/sitio/wp-content/uploads/2021/05/2008-Lapolitica.jpg" />
	<meta property="og:image:width" content="400" />
	<meta property="og:image:height" content="536" />
	<meta property="og:image:type" content="image/jpeg" />
<meta name="twitter:card" content="summary_large_image" />
<meta name="twitter:site" content="@vamosmujer" />
<script type="application/ld+json" class="yoast-schema-graph">{"@context":"https://schema.org","@graph":[{"@type":"WebPage","@id":"https://vamosmujer.org.co/sitio/producto/la-politica-y-lo-politico-la-palabra-y-la-voz-de-las-mujeres/","url":"https://vamosmujer.org.co/sitio/producto/la-politica-y-lo-politico-la-palabra-y-la-voz-de-las-mujeres/","name":"La política y lo político: la palabra y la voz de las mujeres - Corporación Vamos Mujer","isPartOf":{"@id":"https://vamosmujer.org.co/sitio/#website"},"primaryImageOfPage":{"@id":"https://vamosmujer.org.co/sitio/producto/la-politica-y-lo-politico-la-palabra-y-la-voz-de-las-mujeres/#primaryimage"},"image":{"@id":"https://vamosmujer.org.co/sitio/producto/la-politica-y-lo-politico-la-palabra-y-la-voz-de-las-mujeres/#primaryimage"},"thumbnailUrl":"https://vamosmujer.org.co/sitio/wp-content/uploads/2021/05/2008-Lapolitica.jpg","datePublished":"2021-05-27T15:46:08+00:00","dateModified":"2022-01-19T21:36:56+00:00","breadcrumb":{"@id":"https://vamosmujer.org.co/sitio/producto/la-politica-y-lo-politico-la-palabra-y-la-voz-de-las-mujeres/#breadcrumb"},"inLanguage":"es-CO","potentialAction":[{"@type":"ReadAction","target":["https://vamosmujer.org.co/sitio/producto/la-politica-y-lo-politico-la-palabra-y-la-voz-de-las-mujeres/"]}]},{"@type":"ImageObject","inLanguage":"es-CO","@id":"https://vamosmujer.org.co/sitio/producto/la-politica-y-lo-politico-la-palabra-y-la-voz-de-las-mujeres/#primaryimage","url":"https://vamosmujer.org.co/sitio/wp-content/uploads/2021/05/2008-Lapolitica.jpg","contentUrl":"https://vamosmujer.org.co/sitio/wp-content/uploads/2021/05/2008-Lapolitica.jpg","width":400,"height":536},{"@type":"BreadcrumbList","@id":"https://vamosmujer.org.co/sitio/producto/la-politica-y-lo-politico-la-palabra-y-la-voz-de-las-mujeres/#breadcrumb","itemListElement":[{"@type":"ListItem","position":1,"name":"Inicio","item":"https://vamosmujer.org.co/sitio/"},{"@type":"ListItem","position":2,"name":"Productos","item":"https://vamosmujer.org.co/sitio/shop/"},{"@type":"ListItem","position":3,"name":"La política y lo político: la palabra y la voz de las mujeres"}]},{"@type":"WebSite","@id":"https://vamosmujer.org.co/sitio/#website","url":"https://vamosmujer.org.co/sitio/","name":"Corporación Vamos Mujer","description":"Vamos Mujer","publisher":{"@id":"https://vamosmujer.org.co/sitio/#organization"},"potentialAction":[{"@type":"SearchAction","target":{"@type":"EntryPoint","urlTemplate":"https://vamosmujer.org.co/sitio/?s={search_term_string}"},"query-input":"required name=search_term_string"}],"inLanguage":"es-CO"},{"@type":"Organization","@id":"https://vamosmujer.org.co/sitio/#organization","name":"Corporación Vamos Mujer","url":"https://vamosmujer.org.co/sitio/","logo":{"@type":"ImageObject","inLanguage":"es-CO","@id":"https://vamosmujer.org.co/sitio/#/schema/logo/image/","url":"https://vamosmujer.org.co/sitio/wp-content/uploads/2020/10/logo_vamos-07.png","contentUrl":"https://vamosmujer.org.co/sitio/wp-content/uploads/2020/10/logo_vamos-07.png","width":911,"height":231,"caption":"Corporación Vamos Mujer"},"image":{"@id":"https://vamosmujer.org.co/sitio/#/schema/logo/image/"},"sameAs":["https://www.facebook.com/corporacionvamosmujer/","https://twitter.com/vamosmujer","https://www.instagram.com/corporacionvamosmujer/","https://www.youtube.com/channel/UCAc-qitYba-Hv0QWSaB04pA/featured"]}]}</script>
<!-- / Yoast SEO plugin. -->

La política y lo político: la palabra y la voz de las mujeres - Corporación Vamos Mujer

Corporación Vamos Mujer  Ángela María Jaramillo Burgos, Martha Inés Montoya Ferrer, Mónica Liliana Valencia Giraldo  Medellín, febrero de 2008  Descarga

Corporación Vamos Mujer
